 what is 410 - -1?
411
In base 6, what is -21230 - -4?
-21222
In base 15, what is -5 + e0a?
e05
In base 5, what is 24 + -12?
12
In base 5, what is -4044 + -10?
-4104
In base 16, what is 4 + -c1c?
-c18
In base 4, what is 2120 - 1?
2113
In base 3, what is -102212 - -2?
-102210
In base 15, what is 627 + 3?
62a
In base 15, what is 96 - 4?
92
In base 7, what is -2 - 336?
-341
In base 16, what is -6 + a8?
a2
In base 9, what is -13 - -46?
33
In base 13, what is -33 + -7?
-3a
In base 13, what is 4 + 79?
80
In base 7, what is 0 - -25?
25
In base 12, what is -16 + -38?
-52
In base 3, what is -1000 - -1002?
2
In base 9, what is -3 + -5?
-8
In base 14, what is -5 - -2d9?
2d4
In base 5, what is 1 + 111210?
111211
In base 10, what is -6491 - 3?
-6494
In base 11, what is -a + 650?
641
In base 3, what is 200 + 11010?
11210
In base 9, what is -1062 + 3?
-1058
In base 10, what is -225 + -1?
-226
In base 12, what is a - -16?
24
In base 16, what is 2 + -12f?
-12d
In base 15, what is -278 - 7?
-280
In base 4, what is 22 + 120?
202
In base 15, what is 43 + -b?
37
In base 7, what is 1346 - 0?
1346
In base 14, what is -16 + -1?
-17
In base 5, what is -11 - -2230?
2214
In base 12, what is 1 + -98a?
-989
In base 4, what is -112030 + -120?
-112210
In base 8, what is 3 - 444?
-441
In base 7, what is 12165 + 4?
12202
In base 14, what is -35 + -5?
-3a
In base 4, what is -2 - 1030123?
-1030131
In base 4, what is -13202220 - 11?
-13202231
In base 12, what is -2 + -5207?
-5209
In base 15, what is 12c + -e?
11d
In base 12, what is 12 - 3a?
-28
In base 13, what is 66 - 1?
65
In base 5, what is -341044 + 0?
-341044
In base 12, what is 5270 - 3?
5269
In base 4, what is 2 - 10211?
-10203
In base 5, what is 143 + -320?
-122
In base 6, what is 1200 - 4?
1152
In base 5, what is 44 + -3?
41
In base 7, what is -252 - 0?
-252
In base 3, what is -1122220 + -12?
-1200002
In base 8, what is -21 - -114?
73
In base 13, what is -10 - 33?
-43
In base 3, what is 1212 + 10?
1222
In base 5, what is 400 + 21?
421
In base 8, what is 5 + -441?
-434
In base 14, what is 1 - bc?
-bb
In base 13, what is -527 - -2?
-525
In base 14, what is 4 + -106?
-102
In base 3, what is -2220 + -1010?
-11000
In base 3, what is 11 + -2100?
-2012
In base 6, what is -354 + 2?
-352
In base 6, what is -145 - -2?
-143
In base 5, what is -1032 - -2?
-1030
In base 12, what is -2 + 6?
4
In base 2, what is 10011101100010 + -100?
10011101011110
In base 14, what is -77 - -4?
-73
In base 2, what is 100 - 10000?
-1100
In base 12, what is 28b2 + -3?
28ab
In base 3, what is -11 + 11102?
11021
In base 4, what is 13 + 233?
312
In base 13, what is -3b + 3?
-38
In base 8, what is -12 + -116?
-130
In base 13, what is -4 + ba3?
b9c
In base 13, what is -89 + -174?
-230
In base 11, what is -28a - 4?
-293
In base 5, what is 30 - -43?
123
In base 6, what is -2 - -14045?
14043
In base 16, what is -6f02 - 4?
-6f06
In base 9, what is -4 - -24?
20
In base 6, what is -4 + 314?
310
In base 6, what is -3 + 2053?
2050
In base 9, what is -700 + 44?
-645
In base 4, what is -321 + -3011?
-3332
In base 10, what is 1 - 64?
-63
In base 12, what is 6 - -84?
8a
In base 3, what is 222 - 11020?
-10021
In base 14, what is 4 + -168?
-164
In base 3, what is 12 + -202?
-120
In base 3, what is 0 - -11120?
11120
In base 4, what is -30 + 32133?
32103
In base 5, what is 10 - -10340?
10400
In base 7, what is 0 - -245?
245
In base 9, what is -3321 + 0?
-3321
In base 3, what is -2111 + -1?
-2112
In base 10, what is -3 - -38?
35
In base 4, what is 231 - -11113?
12010
In base 4, what is 13 - 133?
-120
In base 16, what is -dd + e?
-cf
In base 7, what is -3 + -235?
-241
In base 15, what is -863 - 0?
-863
In base 14, what is 73c0 + -1?
73bd
In base 13, what is -6 + -11?
-17
In base 7, what is 4 - -11501?
11505
In base 15, what is 0 + c8?
c8
In base 4, what is 120 - 233?
-113
In base 3, what is -2 - -120?
111
In base 5, what is 30203 + -4?
30144
In base 4, what is -3 - 10122?
-10131
In base 11, what is -145 - 3?
-148
In base 15, what is -3 + -1526?
-1529
In base 2, what is -10101010001 - -101?
-10101001100
In base 6, what is 10225 - -5?
10234
In base 5, what is -13 + 24?
11
In base 14, what is -a - 12?
-1c
In base 4, what is 121 + 1000?
1121
In base 5, what is 10011 + -1?
10010
In base 16, what is 583 - 5?
57e
In base 3, what is -100200 + 210?
-22220
In base 2, what is -10001010 + 100?
-10000110
In base 3, what is 1012002 - 120?
1011112
In base 6, what is 13 + -122?
-105
In base 15, what is -c + -44?
-51
In base 2, what is 0 - -1011?
1011
In base 11, what is -7 - 281?
-288
In base 4, what is -132 - -10?
-122
In base 6, what is -104 - 3?
-111
In base 10, what is -669 + 0?
-669
In base 9, what is 3 + 183?
186
In base 10, what is -371 - -4?
-367
In base 4, what is 1333310 + 0?
1333310
In base 11, what is 5 - 15?
-10
In base 8, what is -2134 + 5?
-2127
In base 2, what is -100 - 0?
-100
In base 10, what is 378 + -2?
376
In base 9, what is -2204 + -7?
-2212
In base 5, what is -23344 - 3?
-23402
In base 14, what is 2a71 - -3?
2a74
In base 3, what is -10 + -111220?
-112000
In base 15, what is 8 + 19?
22
In base 12, what is 4070 - 4?
4068
In base 13, what is 11b + 6?
124
In base 5, what is -20 - -200?
130
In base 5, what is -441 + -2?
-443
In base 10, what is 24 - 256?
-232
In base 10, what is 3 + -569?
-566
In base 2, what is -10000001000 + 110?
-10000000010
In base 12, what is a - -3?
11
In base 12, what is -ab + -1?
-b0
In base 15, what is 140 - 0?
140
In base 12, what is 15 + 0?
15
In base 3, what is -2000010 + 22?
-1222211
In base 10, what is 328 - -1?
329
In base 16, what is 0 + -b41?
-b41
In base 3, what is 21121000 - 12?
21120211
In base 9, what is -1553 + -3?
-1556
In base 16, what is 1299 - 3?
1296
In base 10, what is -49 - -162?
113
In base 11, what is -40 - -2?
-39
In base 16, what is -a + -ae?
-b8
In base 2, what is 11111111010 - -101?
11111111111
In base 9, what is -3 + 68?
65
In base 8, what is 7 - -115?
124
In base 7, what is 346 - 142?
204
In base 8, what is 337 + -1?
336
In base 12, what is 3 + 27?
2a
In base 3, what is -2 + -1121?
-1200
In base 2, what is -110 + -1010110?
-1011100
In base 3, what is -120122 - 12?
-120211
In base 3, what is 110210 + 22?
111002
In base 6, what is 40 - 133?
-53
In base 13, what is -267 + 5?
-262
In base 10, what is -232 + -2?
-234
In base 9, what is 2 + -5035?
-5033
In base 13, what is -1b6 - 1?
-1b7
In base 5, what is 2 - 1342?
-1340
In base 7, what is 11 + 113?
124
In base 2, what is 1000010100 - 1?
1000010011
In base 5, what is -1 - -34?
33
In base 11, what is -17 - -a?
-8
In base 9, what is 33 - -3?
36
In base 15, what is -14b + 2?
-149
In base 9, what is 171 + 27?
208
In base 8, what is 310 + -16?
272
In base 6, what is 13301 - -5?
13310
In base 8, what is -500 + 0?
-500
In base 16, what is 13a + 4?
13e
In base 2, what is 10 - 11000100?
-11000010
In base 2, what is -101 - 101010?
-101111
In base 3, what is 0 + -11100120?
-11100120
In base 7, what is -11 - 221?
-232
In base 15, what is 1b4 + 12?
1c6
In base 6, what is -151 + 51?
-100
In base 4, what is -2 - 102300?
-102302
In base 14, what is 0 - -185?
185
In base 6, what is -51 - -4?
-43
In base 6, what is -4 + -134?
-142
In base 16, what is 1f - -b?
2a
In base 13, what is -291 + -2?
-293
In base 2, what is 101 + 11001?
11110
In base 11, what is -2300 - -7?
-22a4
In base 7, what is -5 + 5?
0
In base 3, what is -1011212 + 100?
-1011112
In base 12, what is 2 - 1b9?
-1b7
In base 7, what is -2 + 2344?
2342
In base 14, what is 104 - -60?
164
In base 9, what is 303 - 4?
288
In base 15, what is -e + -19c?
-1ab
In base 7, what is 5 + 1431?
1436
In base 8, what is -3 - 706?
-711
In base 9, what is 1215 + -7?
1207
In base 2, what is 100111110 - -101?
101000011
In base 7, what is 0 - -642?
642
In base 3, what is 221 - -12?
1010
In base 3, what is -2 + -20122012?
-20122021
In base 16, what is 24 - -3?
27
In base 3, what is -2011000 + 0?
-2011000
In base 10, what is -189 - -9?
-180
In base 10, what is 59 - 6?
53
In base 10, what is -9 - -5?
-4
In base 5, what is 2213 - 1?
2212
In base 4, what is 12012 + 0?
12012
In base 12, what is 102b1 - -2?
102b3
In base 3, what is 1012112 + -11?
1012101
In base 3, what is -2 - -1201?
1122
In base 15, what is -2 - -181?
17e
In base 13, what is 0 + 26b4?
